 common divisor of 5705 and 198004576?
1141
Calculate the highest common factor of 156 and 101783256.
12
Calculate the greatest common factor of 27589689 and 45.
9
What is the highest common divisor of 374 and 269434?
22
What is the highest common divisor of 57291635 and 895?
895
What is the greatest common divisor of 598791 and 129387?
3009
What is the highest common divisor of 143034916 and 212?
212
Calculate the highest common factor of 158478 and 52704.
366
Calculate the highest common divisor of 79809 and 296.
37
Calculate the greatest common factor of 3165900 and 5185.
305
Calculate the highest common divisor of 21371452 and 23796.
2644
Calculate the greatest common factor of 23847154 and 5317.
409
Calculate the highest common factor of 2231644 and 6716.
92
Calculate the greatest common factor of 5454 and 511767.
909
Calculate the greatest common factor of 21 and 20833323.
21
Calculate the highest common factor of 64201 and 25954099.
3379
Calculate the highest common factor of 1396591 and 6092.
1523
What is the highest common factor of 1536 and 254258688?
1536
Calculate the greatest common divisor of 823797 and 1404.
351
Calculate the greatest common divisor of 25088 and 7520716.
196
What is the highest common divisor of 1120 and 10224704?
224
Calculate the highest common divisor of 1494 and 51197886.
1494
Calculate the greatest common factor of 403743 and 39.
3
What is the highest common divisor of 46 and 167306?
2
What is the greatest common factor of 119574 and 3654?
126
What is the greatest common divisor of 64 and 276936832?
64
Calculate the greatest common factor of 2007600756 and 7.
7
What is the highest common factor of 26160 and 94133490?
3270
Calculate the highest common factor of 7568 and 76986426.
946
What is the greatest common divisor of 373491 and 5103?
243
What is the greatest common factor of 40797 and 5724?
27
Calculate the highest common divisor of 399871456 and 1101.
367
What is the greatest common factor of 22 and 43475377?
11
Calculate the highest common divisor of 2457 and 6117657.
273
Calculate the highest common divisor of 55117500 and 30.
30
What is the greatest common factor of 142851652 and 212686?
7334
Calculate the greatest common divisor of 362 and 206453487.
181
What is the greatest common divisor of 299571 and 113277?
183
Calculate the highest common factor of 64569449 and 4599.
511
What is the highest common factor of 91 and 48129029?
13
What is the greatest common factor of 12466 and 2673686?
542
What is the greatest common factor of 378 and 25239627?
189
What is the highest common factor of 2403 and 6045?
3
Calculate the greatest common divisor of 4978023 and 213.
213
What is the highest common factor of 70730 and 31273?
11
Calculate the highest common divisor of 49833 and 37877.
49
Calculate the greatest common factor of 1750 and 673330.
70
What is the highest common divisor of 320826 and 374?
22
What is the greatest common factor of 3289383 and 6264?
783
What is the highest common factor of 95336033 and 13?
13
What is the highest common factor of 455351986 and 328?
82
What is the greatest common factor of 44 and 9822747?
11
What is the highest common divisor of 753012261 and 951?
951
Calculate the greatest common divisor of 189558 and 14238.
18
What is the greatest common factor of 79 and 4539843625?
79
What is the highest common factor of 107037658 and 182?
182
Calculate the greatest common divisor of 37 and 384020595.
37
Calculate the greatest common factor of 75 and 3573300.
75
What is the greatest common factor of 12716548 and 18544?
4636
Calculate the highest common divisor of 680829489 and 3996.
999
Calculate the highest common factor of 119966 and 21615118.
574
What is the greatest common divisor of 140400 and 17782960?
1040
Calculate the greatest common divisor of 395 and 72175822.
79
Calculate the highest common divisor of 438 and 2387727.
3
Calculate the highest common factor of 3311286 and 4664.
22
What is the highest common factor of 1463 and 72690884?
133
Calculate the greatest common factor of 1574115 and 135.
15
What is the greatest common divisor of 17666 and 419717661?
8833
Calculate the greatest common factor of 7511347 and 1.
1
What is the greatest common divisor of 42 and 40490664?
6
What is the highest common divisor of 1610280 and 714?
42
What is the greatest common factor of 85295990 and 20?
10
Calculate the greatest common divisor of 90312285 and 385.
35
Calculate the highest common factor of 233524 and 6803234.
1478
Calculate the greatest common divisor of 63 and 107806769.
7
Calculate the highest common divisor of 566941891 and 82.
41
What is the highest common factor of 121131 and 149927?
313
Calculate the highest common factor of 914697372 and 492.
492
Calculate the greatest common factor of 304703 and 424704.
553
Calculate the greatest common factor of 57546 and 4542381.
1251
Calculate the highest common divisor of 130 and 158790619.
13
What is the highest common divisor of 748 and 64144366?
374
Calculate the highest common factor of 1530708 and 48.
12
Calculate the highest common factor of 16 and 13465104.
16
Calculate the greatest common divisor of 1663345 and 632.
79
What is the highest common divisor of 47155713 and 331969?
3223
Calculate the greatest common divisor of 4682670 and 9930.
30
What is the greatest common divisor of 3179 and 139931?
11
What is the highest common divisor of 396 and 440064?
36
What is the highest common factor of 5785042 and 2538?
94
What is the greatest common divisor of 50515 and 165?
5
Calculate the highest common factor of 1124 and 22217546.
562
What is the greatest common factor of 678280 and 66960?
1240
What is the greatest common divisor of 3618 and 188262?
18
What is the greatest common factor of 1944 and 263708784?
648
Calculate the highest common factor of 105462 and 793212.
42
What is the greatest common factor of 3817 and 79582368?
347
Calculate the highest common factor of 91438564 and 8.
4
What is the greatest common factor of 1079873 and 6003?
667
What is the highest common factor of 15 and 4541583?
3
Calculate the greatest common divisor of 54533 and 34339.
23
What is the greatest common factor of 7792246 and 4928?
154
What is the greatest common factor of 348816 and 768?
48
Calculate the greatest common factor of 40845 and 1672995.
15
What is the highest common divisor of 1790067 and 4577?
23
What is the highest common divisor of 208488 and 42168?
168
Calculate the highest common divisor of 173476 and 187953.
31
What is the greatest common divisor of 75175 and 2551100?
2425
What is the highest common factor of 7 and 85601446?
7
Calculate the highest common divisor of 351816 and 800788.
428
Calculate the greatest common divisor of 646784 and 331328.
1984
What is the greatest common divisor of 1577146 and 35694?
1322
What is the highest common divisor of 3427676 and 133?
133
What is the greatest common divisor of 189614042 and 1619?
1619
What is the highest common factor of 729432 and 17688?
264
Calculate the highest common divisor of 187295 and 25051.
47
What is the highest common factor of 590120 and 800?
40
Calculate the greatest common divisor of 369284 and 199671.
2147
What is the highest common factor of 9463083 and 46284?
399
Calculate the greatest common factor of 28 and 51174830.
14
What is the highest common divisor of 149717655 and 8136?
1017
Calculate the highest common divisor of 11230 and 23868242.
2246
What is the highest common factor of 59049 and 1701?
243
What is the greatest common factor of 26 and 490997?
13
What is the greatest common factor of 36 and 588621618?
18
Calculate the highest common factor of 6341800 and 11141.
857
Calculate the highest common divisor of 26624 and 46495488.
3328
What is the highest common divisor of 13204512 and 5394899?
15283
Calculate the greatest common divisor of 13546 and 5187.
13
What is the highest common divisor of 825310 and 50?
10
Calculate the highest common factor of 962 and 545923937.
481
What is the greatest common divisor of 1788 and 64937478?
894
Calculate the highest common divisor of 1359476451 and 17.
17
What is the greatest common divisor of 70 and 3960782?
14
What is the highest common factor of 1088 and 342054144?
1088
Calculate the highest common divi